 126581 is divided by 14.
7
What is the remainder when 1394 is divided by 394?
212
Calculate the remainder when 6187 is divided by 990.
247
What is the remainder when 1192 is divided by 469?
254
What is the remainder when 37060 is divided by 120?
100
What is the remainder when 132026 is divided by 19?
14
What is the remainder when 54851 is divided by 24?
11
Calculate the remainder when 168029 is divided by 14001.
17
What is the remainder when 108674 is divided by 1109?
1101
Calculate the remainder when 854 is divided by 321.
212
Calculate the remainder when 23522 is divided by 23505.
17
Calculate the remainder when 3601 is divided by 392.
73
Calculate the remainder when 1152298 is divided by 288071.
14
What is the remainder when 2947 is divided by 980?
7
What is the remainder when 58527 is divided by 9?
0
What is the remainder when 5603 is divided by 12?
11
What is the remainder when 248021 is divided by 628?
589
Calculate the remainder when 1437501 is divided by 64.
61
Calculate the remainder when 151 is divided by 72.
7
Calculate the remainder when 10293 is divided by 397.
368
Calculate the remainder when 1044 is divided by 484.
76
What is the remainder when 1245 is divided by 265?
185
What is the remainder when 215235 is divided by 39?
33
What is the remainder when 593 is divided by 47?
29
Calculate the remainder when 60139 is divided by 73.
60
Calculate the remainder when 295 is divided by 126.
43
What is the remainder when 153883 is divided by 2748?
2743
Calculate the remainder when 688545 is divided by 12.
9
Calculate the remainder when 7147 is divided by 256.
235
Calculate the remainder when 6398 is divided by 51.
23
Calculate the remainder when 3941 is divided by 321.
89
Calculate the remainder when 5018 is divided by 41.
16
Calculate the remainder when 1634468 is divided by 47.
43
Calculate the remainder when 8402 is divided by 2055.
182
Calculate the remainder when 1084 is divided by 145.
69
Calculate the remainder when 5472 is divided by 1010.
422
Calculate the remainder when 315423 is divided by 71.
41
Calculate the remainder when 35208 is divided by 77.
19
Calculate the remainder when 30419 is divided by 279.
8
Calculate the remainder when 40759 is divided by 316.
311
Calculate the remainder when 32175 is divided by 253.
44
Calculate the remainder when 115189 is divided by 103.
35
What is the remainder when 1037 is divided by 273?
218
What is the remainder when 9151 is divided by 4561?
29
What is the remainder when 36108 is divided by 3278?
50
What is the remainder when 22937 is divided by 10?
7
Calculate the remainder when 8601 is divided by 515.
361
What is the remainder when 750 is divided by 159?
114
What is the remainder when 10227 is divided by 814?
459
Calculate the remainder when 8801 is divided by 260.
221
What is the remainder when 36843 is divided by 197?
4
Calculate the remainder when 29611 is divided by 214.
79
What is the remainder when 871 is divided by 280?
31
What is the remainder when 14712 is divided by 6887?
938
What is the remainder when 3737 is divided by 222?
185
What is the remainder when 709047 is divided by 526?
525
What is the remainder when 708 is divided by 232?
12
What is the remainder when 5441 is divided by 2482?
477
What is the remainder when 136967 is divided by 761?
748
Calculate the remainder when 5332 is divided by 42.
40
What is the remainder when 11265 is divided by 4?
1
What is the remainder when 9654 is divided by 186?
168
Calculate the remainder when 937 is divided by 51.
19
What is the remainder when 106635 is divided by 1077?
12
Calculate the remainder when 3564 is divided by 598.
574
What is the remainder when 156041 is divided by 50?
41
Calculate the remainder when 54465 is divided by 7780.
5
What is the remainder when 384 is divided by 136?
112
Calculate the remainder when 3968 is divided by 62.
0
What is the remainder when 346 is divided by 77?
38
Calculate the remainder when 7284 is divided by 82.
68
Calculate the remainder when 2383299 is divided by 40.
19
What is the remainder when 168715 is divided by 1035?
10
Calculate the remainder when 922543 is divided by 91.
76
Calculate the remainder when 6121 is divided by 119.
52
What is the remainder when 250492 is divided by 128?
124
Calculate the remainder when 5237 is divided by 374.
1
Calculate the remainder when 3723 is divided by 200.
123
Calculate the remainder when 1904 is divided by 15.
14
What is the remainder when 293331 is divided by 17?
13
Calculate the remainder when 2512 is divided by 348.
76
What is the remainder when 44228 is divided by 10?
8
Calculate the remainder when 57093 is divided by 7134.
21
Calculate the remainder when 34292 is divided by 928.
884
Calculate the remainder when 3025 is divided by 411.
148
Calculate the remainder when 317 is divided by 97.
26
Calculate the remainder when 66240 is divided by 253.
207
What is the remainder when 14784 is divided by 9?
6
What is the remainder when 6403 is divided by 6283?
120
What is the remainder when 3883 is divided by 3867?
16
What is the remainder when 4728 is divided by 2341?
46
Calculate the remainder when 25533 is divided by 288.
189
Calculate the remainder when 3354 is divided by 838.
2
Calculate the remainder when 30399 is divided by 7599.
3
Calculate the remainder when 2519 is divided by 15.
14
What is the remainder when 408 is divided by 116?
60
What is the remainder when 339992 is divided by 113321?
29
Calculate the remainder when 155456 is divided by 1993.
2
What is the remainder when 2283 is divided by 203?
50
What is the remainder when 1350101 is divided by 270020?
1
What is the remainder when 2532 is divided by 769?
225
Calculate the remainder when 1399 is divided by 4.
3
Calculate the remainder when 465633 is divided by 465633.
0
What is the remainder when 8225 is divided by 251?
193
Calculate the remainder when 1345 is divided by 302.
137
What is the remainder when 4077420 is divided by 549?
546
What is the remainder when 335752 is divided by 98?
4
What is the remainder when 48640 is divided by 15?
10
What is the remainder when 19074 is divided by 23?
7
What is the remainder when 37694 is divided by 18?
2
Calculate the remainder when 15289 is divided by 392.
1
Calculate the remainder when 1436947 is divided by 8.
3
Calculate the remainder when 31438 is divided by 101.
27
Calculate the remainder when 102904 is divided by 11.
10
Calculate the remainder when 399300 is divided by 106.
104
What is the remainder when 169828 is divided by 135?
133
What is the remainder when 665 is divided by 642?
23
Calculate the remainder when 50357 is divided by 163.
153
What is the remainder when 786 is divided by 248?
42
What is the remainder when 17044 is divided by 240?
4
What is the remainder when 2498 is divided by 54?
14
What is the remainder when 22281 is divided by 22274?
7
What is the remainder when 8264 is divided by 916?
20
Calculate the remainder when 832122 is divided by 1730.
1722
Calculate the remainder when 190854 is divided by 116.
34
Calculate the remainder when 26432 is divided by 5286.
2
What is the remainder when 21097 is divided by 1171?
19
What is the remainder when 1269 is divided by 135?
54
Calculate the remainder when 6793276 is divided by 29.
26
What is the remainder when 4185 is divided by 24?
9
Calculate the remainder when 286013 is divided by 4.
1
What is the remainder when 94148 is divided by 632?
612
What is the remainder when 5048 is divided by 32?
24
What is the remainder when 1413441 is divided by 132?
117
What is the remainder when 7947 is divided by 2641?
24
Calculate the remainder when 16057 is divided by 189.
181
What is the remainder when 379 is divided by 78?
67
Calculate the remainder when 3111014 is divided by 1547.
1544
What is the remainder when 1467 is divided by 86?
5
Calculate the remainder when 3391 is divided by 1686.
19
What is the remainder when 1029977 is divided by 70?
67
What is the remainder when 238515 is divided by 254?
9
Calculate the remainder when 1684 is divided by 1600.
84
Calculate the remainder when 52669 is divided by 437.
229
What is the remainder when 7149 is divided by 1013?
58
What is the remainder when 18238 is divided by 3036?
22
Calculate the remainder when 8654 is divided by 5.
4
Calculate the 